CRAN Package Check Results for Package zoon

Last updated on 2020-07-11 02:09:38 CEST.

Flavor Version Tinstall Tcheck Ttotal Status Flags
r-devel-linux-x86_64-debian-clang 0.6.5 20.42 119.69 140.11 NOTE
r-devel-linux-x86_64-debian-gcc 0.6.5 16.41 101.01 117.42 NOTE
r-devel-linux-x86_64-fedora-clang 0.6.5 170.80 NOTE
r-devel-linux-x86_64-fedora-gcc 0.6.5 176.43 NOTE
r-devel-windows-ix86+x86_64 0.6.5 50.00 299.00 349.00 OK
r-patched-linux-x86_64 0.6.5 18.40 116.83 135.23 NOTE
r-patched-solaris-x86 0.6.5 314.30 NOTE
r-release-linux-x86_64 0.6.5 19.77 116.26 136.03 NOTE
r-release-osx-x86_64 0.6.5 NOTE
r-release-windows-ix86+x86_64 0.6.5 43.00 198.00 241.00 OK
r-oldrel-osx-x86_64 0.6.5 OK
r-oldrel-windows-ix86+x86_64 0.6.5 55.00 204.00 259.00 OK

Check Details

Version: 0.6.5
Check: package dependencies
Result: NOTE
    Package suggested but not available for checking: 'SDMTools'
Flavors: r-devel-linux-x86_64-debian-clang, r-devel-linux-x86_64-debian-gcc, r-devel-linux-x86_64-fedora-clang, r-devel-linux-x86_64-fedora-gcc, r-patched-linux-x86_64, r-patched-solaris-x86, r-release-linux-x86_64, r-release-osx-x86_64