CRAN Package Check Results for Package zoon

Last updated on 2019-12-11 00:49:39 CET.

Flavor Version Tinstall Tcheck Ttotal Status Flags
r-devel-linux-x86_64-debian-clang 0.6.4 17.54 130.09 147.63 OK
r-devel-linux-x86_64-debian-gcc 0.6.4 14.96 109.79 124.75 OK
r-devel-linux-x86_64-fedora-clang 0.6.4 249.76 OK
r-devel-linux-x86_64-fedora-gcc 0.6.4 160.91 OK
r-devel-windows-ix86+x86_64 0.6.4 46.00 240.00 286.00 OK
r-devel-windows-ix86+x86_64-gcc8 0.6.4 51.00 179.00 230.00 OK
r-patched-linux-x86_64 0.6.4 16.27 113.78 130.05 OK
r-patched-solaris-x86 0.6.4 284.70 OK
r-release-linux-x86_64 0.6.4 16.97 112.71 129.68 OK
r-release-windows-ix86+x86_64 0.6.4 37.00 198.00 235.00 OK
r-release-osx-x86_64 0.6.4 ERROR
r-oldrel-windows-ix86+x86_64 0.6.4 21.00 188.00 209.00 OK
r-oldrel-osx-x86_64 0.6.4 ERROR

Check Details

Version: 0.6.4
Check: tests
Result: ERROR
     Running ‘test-all.R’ [25s/69s]
    Running the tests in ‘tests/test-all.R’ failed.
    Last 13 lines of output:
     Loading required package: raster
     Loading required package: sp
     ── 1. Error: LoadModule works (@testLoadModule.R#15) ──────────────────────────
     cannot open the connection
     Backtrace:
     1. base::write(...)
     2. base::cat(...)
     3. base::file(file, ifelse(append, "a", "w"))
    
     ══ testthat results ═══════════════════════════════════════════════════════════
     [ OK: 201 | SKIPPED: 31 | WARNINGS: 10 | FAILED: 1 ]
     1. Error: LoadModule works (@testLoadModule.R#15)
    
     Error: testthat unit tests failed
     Execution halted
Flavor: r-release-osx-x86_64

Version: 0.6.4
Check: tests
Result: ERROR
     Running ‘test-all.R’ [26s/62s]
    Running the tests in ‘tests/test-all.R’ failed.
    Last 13 lines of output:
     Loading required package: raster
     Loading required package: sp
     ── 1. Error: LoadModule works (@testLoadModule.R#15) ──────────────────────────
     cannot open the connection
     Backtrace:
     1. base::write(...)
     2. base::cat(...)
     3. base::file(file, ifelse(append, "a", "w"))
    
     ══ testthat results ═══════════════════════════════════════════════════════════
     [ OK: 201 | SKIPPED: 31 | WARNINGS: 10 | FAILED: 1 ]
     1. Error: LoadModule works (@testLoadModule.R#15)
    
     Error: testthat unit tests failed
     Execution halted
Flavor: r-oldrel-osx-x86_64